alse
Is 21647 a composite number?
False
Is 97247 composite?
True
Is 16127 a composite number?
False
Is 2327 prime?
False
Is 3839 composite?
True
Is 2111 composite?
False
Is 281965 prime?
False
Is 117823 prime?
False
Is 7039 prime?
True
Is 11747 a composite number?
True
Is 66029 a composite number?
False
Is 438131 composite?
False
Is 15727 composite?
False
Is 5987 composite?
False
Is 48293 a prime number?
False
Is 615457 a composite number?
True
Is 791783 prime?
True
Is 1657 a prime number?
True
Is 22993 a prime number?
True
Is 483907 a prime number?
True
Is 463069 a prime number?
False
Is 396673 prime?
False
Is 32393 a prime number?
False
Is 27397 composite?
False
Is 2833 prime?
True
Is 9355 prime?
False
Is 22411 prime?
False
Is 6753 prime?
False
Is 54022 composite?
True
Is 557135 a prime number?
False
Is 1643 composite?
True
Is 546485 a composite number?
True
Is 1046977 prime?
True
Is 51071 prime?
True
Is 35753 composite?
False
Is 43441 prime?
True
Is 1324607 a composite number?
False
Is 8371 composite?
True
Is 12319 a prime number?
False
Is 20861 prime?
False
Is 52759 composite?
True
Is 13519 a composite number?
True
Is 5638 composite?
True
Is 14783 a prime number?
True
Is 5333 a prime number?
True
Is 96137 a prime number?
True
Is 102121 composite?
False
Is 426805 composite?
True
Is 10303 composite?
False
Is 19417 prime?
True
Is 32639 a composite number?
True
Is 1586681 composite?
True
Is 19373 a prime number?
True
Is 3086 composite?
True
Is 9899 a composite number?
True
Is 28199 prime?
False
Is 5471 a prime number?
True
Is 16057 a composite number?
False
Is 1279417 a prime number?
True
Is 28929 a prime number?
False
Is 102929 composite?
False
Is 462041 composite?
False
Is 33481 prime?
False
Is 54611 a prime number?
False
Is 15661 a prime number?
True
Is 160723 a prime number?
True
Is 45007 a prime number?
True
Is 43451 a composite number?
False
Is 4201 a prime number?
True
Is 1988381 a prime number?
False
Is 313967 composite?
True
Is 782747 prime?
False
Is 1484563 composite?
False
Is 147011 prime?
True
Is 43859 a prime number?
False
Is 341 composite?
True
Is 25841 prime?
True
Is 4267 a prime number?
False
Is 441281 a composite number?
False
Is 170855 composite?
True
Is 223 a prime number?
True
Is 5094647 a composite number?
False
Is 586189 prime?
True
Is 67111 composite?
True
Is 248617 composite?
True
Is 105707 a composite number?
True
Is 143357 a prime number?
True
Is 537977 a composite number?
True
Is 81537 composite?
True
Is 50329 a prime number?
True
Is 45091 a prime number?
False
Is 13381 a prime number?
True
Is 1703 a prime number?
False
Is 158293 a composite number?
False
Is 871439 a composite number?
False
Is 949 a composite number?
True
Is 193679 a prime number?
True
Is 11434 prime?
False
Is 21139 a prime number?
True
Is 73913 a prime number?
False
Is 29485 composite?
True
Is 386083 prime?
True
Is 3085031 prime?
False
Is 4858673 composite?
False
Is 1529 a prime number?
False
Is 22343 prime?
True
Is 1319 prime?
True
Is 103301 prime?
False
Is 17597 prime?
True
Is 8057 prime?
False
Is 59131 prime?
False
Is 1454 a prime number?
False
Is 38503 prime?
False
Is 727157 a composite number?
False
Is 120521 a prime number?
False
Is 11651 composite?
True
Is 2963 a composite number?
False
Is 17687 a prime number?
False
Is 931387 a prime number?
True
Is 509221 a composite number?
False
Is 115723 composite?
True
Is 40571 composite?
True
Is 83438 a prime number?
False
Is 337385 composite?
True
Is 25697 a composite number?
True
Is 12247 prime?
False
Is 76135 prime?
False
Is 33959 prime?
False
Is 5561 composite?
True
Is 9091 a prime number?
True
Is 36415 composite?
True
Is 57467 a composite number?
False
Is 2138029 a composite number?
False
Is 154319 composite?
True
Is 101671 composite?
True
Is 2868371 composite?
True
Is 1527 prime?
False
Is 1082 a composite number?
True
Is 6866 a composite number?
True
Is 33185 a composite number?
True
Is 1262 composite?
True
Is 92693 composite?
False
Is 34199 prime?
False
Is 402071 a prime number?
True
Is 3755 a prime number?
False
Is 869 composite?
True
Is 154915 composite?
True
Is 1138 a composite number?
True
Is 155351 composite?
True
Is 98251 a prime number?
True
Is 817529 composite?
False
Is 63055 composite?
True
Is 40277 a composite number?
False
Is 81905 a composite number?
True
Is 1187 composite?
False
Is 2179423 prime?
False
Is 10301 a composite number?
False
Is 41867 a prime number?
False
Is 8927 a prime number?
False
Is 7651 composite?
True
Is 1711 a prime number?
False
Is 200063 a composite number?
False
Is 172783 composite?
True
Is 1956719 prime?
True
Is 19121 composite?
False
Is 31319 composite?
False
Is 1637 a prime number?
True
Is 1361 a prime number?
True
Is 633527 prime?
False
Is 521 prime?
True
Is 11311 composite?
False
Is 78931 composite?
True
Is 37463 prime?
True
Is 20287 a prime number?
True
Is 79801 prime?
True
Is 144203 prime?
True
Is 164569 a prime number?
True
Is 245123 a composite number?
True
Is 211 a prime number?
True
Is 24253 a composite number?
True
Is 35102 a composite number?
True
Is 29179 prime?
True
Is 64213 a composite number?
True
Is 53069 prime?
True
Is 69539 prime?
True
Is 863 a prime number?
True
Is 10247 prime?
True
Is 70271 composite?
False
Is 679403 a composite number?
False
Is 10871 a prime number?
False
Is 7617 a prime number?
False
Is 306643 a composite number?
False
Is 13093 composite?
False
Is 33149 a prime number?
True
Is 30815 composite?
True
Is 542281 a composite number?
False
Is 265567 a composite number?
False
Is 2457073 a composite number?
False
Is 384691 prime?
True
Is 198043 composite?
False
Is 2051 prime?
False
Is 76301 composite?
True
Is 1134691 a composite number?
False
Is 117877 a prime number?
True
Is 2069101 composite?
False
Is 24943 a prime number?
True
Is 586691 prime?
False
Is 33407 composite?
True
Is 182615 a composite number?
True
Is 11731 composite?
False
Is 9327 a composite number?
True
Is 22823 composite?
True
Is 33986 composite?
True
Is 260707 a prime number?
False
Is 3023043 composite?
True
Is 41739 a composite number?
True
Is 3013 composite?
True
Is 720241 a composite number?
False
Is 232187 a composite number?
False
Is 28873 prime?
False
Is 11006 a composite number?
True
Is 5519 prime?
True
Is 45743 a prime number?
False
Is 19249 composite?
False
Is 6229 prime?
True
Is 14401 a composite number?
False
Is 46807 composite?
False
Is 4197 a composite number?
True
Is 130769 composite?
False
Is 3463 a composite number?
False
Is 2551 prime?
True
Is 20039 a prime number?
False
Is 577483 a prime number?
True
Is 40022 composite?
True
Is 992501 a composite number?
True
Is 217 composite?
True
Is 24071 a prime number?
True
Is 1195451 a prime number?
False
Is 23227 a composite number?
False
Is 6233 a composite number?
True
Is 24731 composite?
True
Is 226714 composite?
True
Is 719483 a prime number?
True
Is 29407 composite?
True
Is 116878 prime?
False
Is 746 a composite number?
True
Is 32919 a prime number?
False
Is 635413 a composite number?
False
Is 142297 a prime number?
True
Is 7033 a prime number?
False
Is 2941 prime?
False
Is 9899 a composite number?
True
Is 75821 a composite number?
False
Is 13901 prime?
True
Is 50383 a composite number?
False
Is 51257 prime?
True
Is 74967 prime?
False
Is 473663 prime?
False
Is 117901 a prime number?
False
Is 77951 a composite number?
False
Is 356129 prime?
True
Is 55703 composite?
True
Is 189643 composite?
False
Is 1535 prime?
False
Is 1444679 a prime number?
True
Is 11851 prime?
False
Is 118967 composite?
False
Is 543497 a composite number?
False
Is 10901 composite?
True
Is 131413 prime?
True
Is 7297 a prime number?
True
Is 305471 prime?
True
Is 120751 prime?
False
Is 262981 composite?
False
Is 28369 a prime number?
False
Is 63785 a composite number?
True
Is 1041983 prime?
True
Is 4037 composite?
True
Is 2593997 a prime number?
False
Is 631 a prime number?
True
Is 248231 a prime number?
True
Is 4971 a composite number?
True
Is 143711 a composite number?
False
Is 657563 composite?
True
Is 63889 a prime number?
False
Is 1839 a prime number?
False
Is 1502 a composite number?
True
Is 3261 prime?
False
Is 6353 a composite number?
False
Is 907 a prime number?
True
Is 9229 composite?
True
Is 3037 composite?
False
Is